965 a prime number?
False
Is 1277 composite?
False
Is 93371 composite?
False
Is 72613 a composite number?
False
Is 706777 a composite number?
True
Is 1338097 prime?
False
Is 2011409 prime?
True
Is 10814 a prime number?
False
Is 5953 a composite number?
False
Is 2183 prime?
False
Is 9194 a composite number?
True
Is 614167 composite?
False
Is 59441 prime?
True
Is 762443 a composite number?
True
Is 33007 a prime number?
False
Is 59261 a prime number?
False
Is 11843 prime?
False
Is 76079 a prime number?
True
Is 338638 a composite number?
True
Is 917151 a prime number?
False
Is 53139 a prime number?
False
Is 228229 a prime number?
False
Is 116461 a prime number?
True
Is 6007 a prime number?
True
Is 2160347 a prime number?
False
Is 8903 a composite number?
True
Is 1587901 a composite number?
True
Is 451021 a prime number?
False
Is 28697 a composite number?
False
Is 44519 a prime number?
True
Is 132017 prime?
False
Is 15527 prime?
True
Is 1049 a composite number?
False
Is 46471 a composite number?
False
Is 19121 a prime number?
True
Is 698935 prime?
False
Is 92623 a prime number?
True
Is 11855 prime?
False
Is 497 a composite number?
True
Is 186007 a prime number?
True
Is 17414 composite?
True
Is 89651 prime?
False
Is 719227 prime?
True
Is 2519 a prime number?
False
Is 589102 prime?
False
Is 32353 a composite number?
False
Is 1783 a composite number?
False
Is 120685 composite?
True
Is 47237 a prime number?
True
Is 63643 prime?
False
Is 77113 a composite number?
True
Is 290519 a prime number?
False
Is 618083 a prime number?
True
Is 43423 a prime number?
False
Is 11735 prime?
False
Is 175501 a composite number?
True
Is 8605 a prime number?
False
Is 1244667 composite?
True
Is 150515 a prime number?
False
Is 168999 composite?
True
Is 20569 a prime number?
False
Is 22427 composite?
True
Is 31643 a prime number?
True
Is 495221 a prime number?
True
Is 10111 a composite number?
False
Is 39907 a composite number?
True
Is 46313 a prime number?
False
Is 1636031 a prime number?
False
Is 37243 composite?
False
Is 5981 a composite number?
False
Is 20471 a prime number?
False
Is 4547 a composite number?
False
Is 1273057 a prime number?
False
Is 2471 a composite number?
True
Is 6787 a prime number?
False
Is 8661 a prime number?
False
Is 1567 a prime number?
True
Is 6001 prime?
False
Is 7069 a composite number?
False
Is 2302879 prime?
True
Is 141935 composite?
True
Is 211298 prime?
False
Is 868069 a prime number?
True
Is 167749 composite?
True
Is 38897 a prime number?
False
Is 92717 a composite number?
False
Is 436589 prime?
False
Is 370867 a prime number?
False
Is 4945367 prime?
False
Is 480895 a prime number?
False
Is 1261 prime?
False
Is 81287 composite?
True
Is 177257 a prime number?
True
Is 1943 a prime number?
False
Is 19531 composite?
False
Is 18641 a prime number?
False
Is 1031673 a composite number?
True
Is 70417 a composite number?
True
Is 4861 a prime number?
True
Is 7169 composite?
True
Is 13901 prime?
True
Is 11003 composite?
False
Is 254489 a composite number?
False
Is 58211 a prime number?
True
Is 768919 a composite number?
True
Is 565109 composite?
False
Is 26153 prime?
True
Is 34186 a composite number?
True
Is 50293 prime?
False
Is 415427 a composite number?
False
Is 60985 a composite number?
True
Is 13073 a prime number?
False
Is 37718 a prime number?
False
Is 635 prime?
False
Is 35081 a prime number?
True
Is 187813 a prime number?
False
Is 14509 prime?
False
Is 427943 composite?
True
Is 5153 a composite number?
False
Is 3259 composite?
False
Is 224401 composite?
False
Is 6847 prime?
False
Is 202393 a prime number?
True
Is 31469 composite?
False
Is 31897 prime?
False
Is 14981 composite?
True
Is 15131 a prime number?
True
Is 497153 prime?
True
Is 3401 a prime number?
False
Is 39247 prime?
False
Is 9713 composite?
True
Is 1154707 prime?
True
Is 84893 prime?
False
Is 142565 composite?
True
Is 5051 composite?
False
Is 1921 prime?
False
Is 20477 a prime number?
True
Is 482861 prime?
True
Is 7531 composite?
True
Is 22853 a composite number?
False
Is 23923 a composite number?
True
Is 69145 a prime number?
False
Is 249881 composite?
False
Is 20327 a prime number?
True
Is 23321 a composite number?
False
Is 70697 prime?
False
Is 98243 composite?
True
Is 8141 a composite number?
True
Is 83257 composite?
False
Is 1801 composite?
False
Is 5257 a prime number?
False
Is 783527 a composite number?
False
Is 14461 prime?
True
Is 208961 prime?
True
Is 388081 composite?
False
Is 35681 a prime number?
False
Is 28115 a prime number?
False
Is 86531 composite?
False
Is 287921 prime?
True
Is 424874 a composite number?
True
Is 55687 composite?
True
Is 5838271 prime?
True
Is 8741 a prime number?
True
Is 3103 a prime number?
False
Is 238094 a composite number?
True
Is 23906 a composite number?
True
Is 1347509 prime?
False
Is 690367 a prime number?
True
Is 298187 composite?
False
Is 333857 a composite number?
False
Is 8499 composite?
True
Is 694 a prime number?
False
Is 1655 prime?
False
Is 18623 composite?
True
Is 1217731 composite?
False
Is 78059 a composite number?
False
Is 6313 a composite number?
True
Is 262767 composite?
True
Is 9089 prime?
False
Is 14281 a composite number?
False
Is 103855 a prime number?
False
Is 206627 a prime number?
True
Is 1087621 a prime number?
True
Is 5569 a prime number?
True
Is 100279 composite?
False
Is 673327 prime?
True
Is 1361 prime?
True
Is 6779 prime?
True
Is 11797 composite?
True
Is 132887 composite?
False
Is 737 prime?
False
Is 629 prime?
False
Is 160039 a composite number?
True
Is 49513 composite?
True
Is 1260011 prime?
True
Is 10037 prime?
True
Is 8171 composite?
False
Is 1256513 a composite number?
True
Is 545099 a prime number?
False
Is 94019 prime?
False
Is 335117 a prime number?
True
Is 207113 a prime number?
True
Is 24573 composite?
True
Is 2056457 prime?
False
Is 490379 a prime number?
False
Is 7669 a prime number?
True
Is 494897 a composite number?
True
Is 12785 composite?
True
Is 67171 composite?
True
Is 3225749 a prime number?
True
Is 2921 composite?
True
Is 267541 a prime number?
True
Is 15557 a composite number?
True
Is 315145 a prime number?
False
Is 77485 prime?
False
Is 478321 a prime number?
True
Is 13381 composite?
False
Is 18587 prime?
True
Is 167363 prime?
False
Is 189901 composite?
False
Is 451897 a prime number?
True
Is 30271 composite?
False
Is 609194 prime?
False
Is 166487 a prime number?
True
Is 1762205 a prime number?
False
Is 29123 composite?
False
Is 8434 a prime number?
False
Is 123649 a prime number?
False
Is 809 a prime number?
True
Is 1417301 composite?
False
Is 2541815 prime?
False
Is 4524373 composite?
True
Is 121547 a composite number?
False
Is 17965 prime?
False
Is 60055 a composite number?
True
Is 10411 a composite number?
True
Is 4241 a composite number?
False
Is 12839 a composite number?
True
Is 514 a composite number?
True
Is 21673 composite?
False
Is 16186 prime?
False
Is 22229 composite?
False
Is 155749 composite?
True
Is 19181 a composite number?
False
Is 1288843 a prime number?
True
Is 642787 a composite number?
True
Is 1939 prime?
False
Is 27019 composite?
True
Is 53807 a composite number?
True
Is 27239 composite?
False
Is 125845 prime?
False
Is 14621 a prime number?
True
Is 19373 composite?
False
Is 30386 prime?
False
Is 229261 composite?
False
Is 1823 a composite number?
False
Is 2999 composite?
False
Is 117617 a composite number?
False
Is 48449 prime?
True
Is 3947 a composite number?
False
Is 691307 a composite number?
True
Is 30939 composite?
True
Is 68707 a composite number?
True
Is 12131 a composite number?
True
Is 264505 a composite number?
True
Is 3623 a composite number?
False
Is 43661 prime?
True
Is 2251 a composite number?
False
Is 4343 a prime number?
False
Is 160997 a composite number?
False
Is 1391847 a composite number?
True
Is 496237 a composite number?
True
Is 19177 prime?
False
Is 116189 composite?
False
Is 328385 a composite number?
True
Is 18833 a prime number?
False
Is 1022783 a prime number?
False
Is 23531 a prime number?
True
Is 5333 composite?
False
Is 645571 prime?
True
Is 23957 composite?
False
Is 25031 prime?
True
Is 4960001 prime?
True
Is 46955 a composite number?
True
Is 1261 composite?
True
Is 1732961 composite?
False
Is 44947 composite?
True
Is 2187173 prime